lculate the highest common divisor of x and 219.
73
Suppose 2*g - 3*d - 331 - 185 = 0, g - 252 = 3*d. Suppose -2*t - 2*z = -130, 4*t + 3*z - g = z. Calculate the highest common divisor of t and 134.
67
Let f = 324 + -322. Suppose s - f*s - 4*t - 13 = 0, 3*s - 16 = -t. Calculate the greatest common divisor of 119 and s.
7
Let g = 1489 + 24. Calculate the greatest common divisor of g and 89.
89
Let p = 53 - 239. Let f be p/(-21) + (-6)/7. Calculate the highest common factor of 40 and f.
8
Suppose -t - 5*m + 12 = 0, -99 = -5*t + m + 13. Suppose 48 = 2*n + t. What is the highest common factor of 221 and n?
13
Suppose -914 = -11*y + 2782. Calculate the highest common divisor of 784 and y.
112
Let x = -585 + 601. Let p be ((-4)/x*2)/(3/(-60)). What is the greatest common factor of 9 and p?
1
Let t be 6/4*-2*(-128)/12. Let i be 8 + (-18 - -13) - (-1 + 0). What is the greatest common divisor of i and t?
4
Suppose -4*i = -6*i + 162. Let q = -31 + 16. Let h be (-2)/q + 2128/240. Calculate the greatest common factor of h and i.
9
Suppose -2*h - i + 338 = 0, -17*i = -h - 16*i + 169. Suppose -h*t + 173*t - 880 = 0. Calculate the highest common divisor of 44 and t.
44
Suppose -7*n + 3*g + 41 = -2*n, 42 = 3*n + 4*g. Let z(x) = x**2 - 4*x - 36. Let b be z(n). Calculate the highest common divisor of b and 30.
6
Let g(y) = -y**3 - 7*y**2 + 5*y + 12. Let o be g(-11). Let m = -369 + o. Calculate the greatest common divisor of 171 and m.
9
Suppose 1 = 2*l - 3*l, -4*f = -l - 85. Let p = 30 - f. What is the highest common divisor of 234 and p?
9
Let z(r) = 6*r - 74. Suppose 4*f = 2*q + 74, -2*f - 5*q - 32 = -51. Let u be z(f). Calculate the greatest common divisor of 63 and u.
7
Suppose -9*r = -5*p - 4*r + 265, 2*p - 111 = 3*r. Suppose -a = -3*o - 250, 4*o - 1594 = -4*a - 562. What is the highest common divisor of a and p?
16
Let f = 0 - -526. Suppose -133 = 519*y - f*y. Calculate the highest common factor of y and 817.
19
Suppose 97 = -r - 373. Let i = 690 + r. Suppose 0 = -8*h + 6*h + 40. What is the highest common factor of i and h?
20
Let u(n) = 5*n**2 - n. Let y be u(-1). Suppose -y*g + 3*g = 6, -3*h + 49 = 4*g. Let d = 271 + -195. Calculate the greatest common divisor of h and d.
19
Suppose 2*h - 13*u + 9*u - 708 = 0, -6 = -2*u. What is the highest common divisor of h and 2?
2
Let o(k) = -k + 10. Let v be o(8). Suppose t - 4*b + 52 = 3*t, 0 = t - v*b - 14. Let f = t + -6. Calculate the greatest common divisor of f and 21.
7
Let d(t) = 12*t**2 - 7*t + 4. Let f be d(2). Let w(b) = -b**3 - b**2 + b + 133. Let k be w(0). What is the highest common factor of k and f?
19
Let g(a) = a**3 + 8*a**2 - 202*a + 7. Let t be g(11). What is the highest common factor of t and 1316?
28
Let a = -4974 + 6417. What is the greatest common factor of 78 and a?
39
Suppose 0 = -h - 4*p - 156, -180 = h + p - 5*p. Let j = 253 + h. Calculate the greatest common divisor of 680 and j.
85
Let b be ((-720)/(-360))/(2*(-2)/(-134)). What is the greatest common divisor of b and 13869?
67
Suppose -22*g - 10080 = -g - 133*g. Calculate the greatest common divisor of 11430 and g.
90
Suppose 165 = 6*i + 45. Let m(d) = -3*d + 146. Let p be m(0). Let w = p + -46. Calculate the greatest common factor of i and w.
20
Let c be (13/5 + -2)*(138 + -133). Let z be (-1 + 0)/(2/(-84)). Let d be (-2 + 1 - (-4 - z)) + c. What is the highest common divisor of 24 and d?
24
Let x = -21 + 47. Suppose 15 - 2 = 2*s + 3*n, 0 = -5*s - n + x. Suppose -13 = -s*g + 5*i + 52, 0 = 2*g + 5*i - 5. What is the highest common factor of g and 50?
10
Suppose -3*f + 2038 + 5276 = 24*h, 4*h = -f + 2462. Calculate the highest common divisor of f and 44.
22
Let r(l) = l**2 - 3*l + 3. Suppose 0*y - 3*b = -5*y - 2, -3*y + 2 = -b. Let t be r(y). Calculate the greatest common factor of 9 and t.
1
Suppose 4*w - 116 = -4*o, -64 - 93 = -5*o - 2*w. Suppose -21 = -2*m + o. Calculate the greatest common factor of 36 and m.
9
Let y = 103 + -73. Suppose x + 14 = 5*x + 2*l, -5*l = 5*x - y. Let a be ((-3)/(-6))/(2/4). Calculate the greatest common divisor of a and x.
1
Let k = -19061 + 19079. Calculate the highest common factor of 5094 and k.
18
Let p(f) = f**3 - 16*f**2 - 11*f + 30. Let y be p(17). Suppose -y = -5*q + 218. What is the greatest common factor of 10 and q?
10
Let t be 18/30 + -14997*2/(-10). Let y be (8/10)/((-16)/t). Let x = y - -216. Calculate the highest common divisor of x and 6.
6
Let t be (21/(-14))/((-3)/(-2))*-106. Suppose 101*u = t*u - 440. What is the greatest common divisor of 242 and u?
22
Let s = 476 + -444. Let n be (-9)/((-36)/s)*9/12. Let h(a) = -a**3 - a**2 + 3*a - 3. Let z be h(-3). What is the greatest common divisor of z and n?
6
Let q be (2 - -8) + (-4)/2. Suppose 380 = m + 63. Let c = m - 229. Calculate the highest common factor of c and q.
8
Suppose -3*p + 2*d = -34, 0 = -76*p + 79*p + d - 37. What is the greatest common divisor of 188 and p?
4
Let f = 80 - 69. Let q be (-4 - -13)*(-2 + f - 3). Let z = q - -12. Calculate the greatest common factor of z and 99.
33
Suppose 0 = 2*w - 3*b - 90, 8*b - 9*b = -5*w + 225. What is the greatest common divisor of 1365 and w?
15
Suppose 495 - 459 = 2*t. Let c be (12/2)/((-36)/39 + 1). Calculate the highest common factor of c and t.
6
Suppose 1 = i, 3*p - i + 5*i = 1348. Suppose -2*c + 22 = -4*g + 6*g, 4*c - 28 = -3*g. Calculate the greatest common factor of g and p.
16
Suppose 0 = -5*g - 5*v + 195, -2*g = -3*v + 55 - 148. Suppose 0 = -4*k + 154 + 46 - 32. Calculate the highest common factor of g and k.
42
Suppose 108*r - 2*r - 11236 = 0. What is the greatest common factor of r and 53?
53
Let u(r) = 30*r**3 + 422*r**2 + 12*r + 48. Let s be u(-14). Calculate the greatest common factor of 748 and s.
68
Let f = 2629 - 2519. Let c be (-41)/(-4) + (-1)/4. What is the greatest common divisor of c and f?
10
Suppose d = -2*r + 24, 95*d = 90*d + 5*r + 30. What is the greatest common divisor of 1242 and d?
6
Let b = 178 + -133. Suppose -15*w + 405 = -b. Suppose 0 = 33*m - w*m - 39. Calculate the greatest common factor of 117 and m.
13
Let y be 3/(153/(-6)) - 268616/(-136). What is the greatest common factor of y and 25?
25
Let z = -189 - -193. Let a(r) = -r. Let n be a(-1). Suppose -5*k + n = -z, -35 = -c - k. Calculate the highest common divisor of 136 and c.
34
Suppose 0 = 3*m - 4*s + 9, 2 = -m - 0*m + s. Let g(w) = 3*w + 59*w**2 - 5071 - 3*w + 5069. Let j be g(m). What is the greatest common factor of j and 19?
19
Suppose -3*i + 40 = -14. Let j be (-14750)/(-10) + 6 - 7. Let x = j + -1348. What is the highest common factor of x and i?
18
Let i be 1/2 + 5350/20 - -2. Suppose 2*r - 270 = -2*x, 6*r - 4*r = -4*x + i. Calculate the greatest common divisor of 27 and r.
27
Let c = -202 - -497. Suppose -11*a + c - 64 = 0. What is the greatest common divisor of a and 63?
21
Suppose 2*d = -4*i + 1044, 5*i = d + 299 + 992. Suppose -4*f = -i + 203. What is the highest common divisor of 28 and f?
14
Let f = 24 + -20. Suppose 5*n - 4*n = -4*s + 8, -n - 2*s + f = 0. Suppose -j + 10 + 6 = n. What is the greatest common factor of j and 160?
16
Let w(g) = -11*g**2 + 3*g - 9. Let q be w(3). Let o = -67 - q. Let r(n) = 5*n**2 + 11*n - 18. Let z be r(-6). What is the greatest common factor of o and z?
32
Let d = -7862 - -7979. What is the greatest common factor of 897 and d?
39
Let c = 1475 + -1423. What is the greatest common divisor of 182 and c?
26
Let k be (-72)/(-90)*3610/4. What is the highest common divisor of 6 and k?
2
Suppose -5*p = t - 511, -2*p = 165*t - 163*t - 1014. Suppose -4*j = o - 6, -86 = -3*o + 7*j - 2*j. Calculate the greatest common factor of t and o.
22
Let c(w) = 13*w**3 - 7*w**2 - 13*w - 9. Let l be c(3). What is the greatest common factor of 330 and l?
30
Let v be (9 + 25/(-5) + 247)*1. Let g = v - 243. Calculate the highest common factor of 1 and g.
1
Suppose 6*p - 277 - 269 = 0. Let y = -95 + p. Let w be (1 - 15 - y*1)*-8. What is the greatest common factor of w and 40?
40
Let d be (-210)/9*(-4 - -1). Let h = -633 - -582. Let g = h + d. What is the highest common factor of g and 209?
19
Suppose -351*d = -3*j - 347*d + 33840, 4*j + 3*d - 45120 = 0. What is the highest common divisor of j and 30?
30
Let c(o) = 20*o - 185*o**2 + 94*o**2 + 89*o**2 - 45. Let r be c(6). What